Let w(s) = -7*s**3 - 6*s**2 - 16*s - 46. What is the remainder when w(-4) is divided by 93?
91
Let h(j) = 3*j**3 + j - 1. Let l be h(2). Let n(t) = -29 + 10*t + 7*t + 3*t - l*t. What is the remainder when 17 is divided by n(-7)?
5
Suppose 0 = -12*m + 15*m - 3516. Suppose -210 = -4*q + 3*u, 3*u = -q - 6 + 51. What is the remainder when m is divided by q?
50
Suppose 15*x - 12*x - 195 = -5*a, -2*a = x - 65. Calculate the remainder when 207 is divided by x.
12
Let g(j) = 19*j - 8. Let z(v) = 137*v**2 - 136*v**2 - 3*v + v + 4*v. What is the remainder when g(5) is divided by z(-5)?
12
Let p be 19*((-14)/(-42))/(2/6). Suppose 2*q + 2*u = -p + 95, 0 = 3*u - 15. Suppose 3*g - q + 0 = 0. Calculate the remainder when 85 is divided by g.
8
Calculate the remainder when 6/156 - (-1536089)/1118 is divided by 90.
24
Let k = -1509 + 1548. Let y = 600 - 413. Calculate the remainder when y is divided by k.
31
Suppose -6 = -4*w - 5*i, 5*i + 20 = 4*w + 3*i. Let z = -610 + 671. Suppose w*b - z = 195. What is the remainder when b is divided by 33?
31
Suppose 3*a - 1982 = -4*d + 111, -4*a - d + 2795 = 0. Calculate the remainder when 701 is divided by a.
2
Suppose 0 = 2*f - 5*b - 76, -5*b = 4*f + f - 120. Let o = -26 + f. What is the remainder when 29*o*(-2)/(-4) is divided by 16?
13
Suppose 5*c - 20 = -5*p + 50, -p + c = -4. Calculate the remainder when (-1 - (-5 - 17))*6/p is divided by 10.
4
Suppose 3*p + 221 = -3*s + 350, -4*s = 5*p - 175. Calculate the remainder when 632 is divided by s.
32
Let s be (1 - 4)/(-3) - (-3 - -2). Let k(y) = 22*y**3 - 3*y**2 + 5*y + 2. Let x be k(s). Let h = x + -85. What is the remainder when h is divided by 25?
16
Let i = -1175 - -821. Let x = 391 + i. Suppose 7*j = 3*j + 732. Calculate the remainder when j is divided by x.
35
Calculate the remainder when 273 is divided by 10/85 - (90/170)/(1/(-149)).
36
What is the remainder when (-5403)/30*(23 - 29) + (-16)/10 is divided by 369?
341
Let a(f) = -f**2 - 12*f - 5. Calculate the remainder when 4 + -6*(-5 - 10/15) is divided by a(-9).
16
Let u = 186 + -161. Suppose u = 9*c - 182. Let t(f) = f**3 - 3*f**2 - 3*f + 4. What is the remainder when c is divided by t(4)?
7
Let c(o) = 66*o**2 + 5*o - 1. Calculate the remainder when c(-2) is divided by 24.
13
Suppose -s + 27 = -x, 10 = -2*s - 2*x + 44. Suppose -21*w = -s*w. Suppose w = 4*u - 2*u - 26. Calculate the remainder when 48 is divided by u.
9
Suppose 29*b = -1959 + 72603. Calculate the remainder when b is divided by 189.
168
Suppose 63 = -4*y + 327. Let z = 41 + y. Let w = 126 - z. Calculate the remainder when 131 is divided by w.
17
Suppose -192*k + 12 = -190*k. Suppose 2*z - 18 = 3*m, -z - 64 = -k*z - 2*m. What is the remainder when 147 is divided by z?
3
Let d = -30168 - -30347. Let p(q) = -3*q + 8. Calculate the remainder when d is divided by p(-6).
23
Suppose 155*j = 39*j + 1508. Calculate the remainder when j is divided by 11/2 + (-2)/4.
3
Suppose 0 = -105*u + 20309 + 27571. Calculate the remainder when u is divided by 156.
144
Calculate the remainder when 412 is divided by 783/11 - (-60)/(-330).
57
Suppose b + 1494 = 3*j, -4*j - b + 1550 + 449 = 0. What is the remainder when j is divided by 113?
47
What is the remainder when 47869 is divided by (33/15)/(29/290)?
19
Let c be 9 - (-4)/(-6 - (0 + -4)). Suppose 3*r - 180 = -c*r. Calculate the remainder when r is divided by 11.
7
Let u = 144 + -141. What is the remainder when u/39*2 + (-1909)/(-13) is divided by 29?
2
Suppose -10*n = -1446 - 814. What is the remainder when n is divided by 13?
5
Let d be (-4 - 2 - -11) + 4/(-2). Suppose -2 = -f, 4*x = -f + d*f + 4. Calculate the remainder when 9 is divided by x.
1
Let n = -13945 + 14783. What is the remainder when 2532 is divided by n?
18
Let j be (-1)/5 + (-3186)/(-30). Let p = 189 - j. Suppose 32 = y + 2*q - 17, q + p = 2*y. What is the remainder when 213 is divided by y?
41
Let c(z) = 16*z - 9. Suppose 0 = -112*l + 91*l + 168. What is the remainder when c(4) is divided by l?
7
Suppose m = 4*r + 4, -34*m + 2*r = -35*m + 16. What is the remainder when 22 is divided by m?
10
Let k(d) = 19*d + 30*d - 11*d - d**2 - 18 - 8*d. Let y be k(18). Suppose 9*j + y = 621. Calculate the remainder when j is divided by 26.
21
What is the remainder when -3*9/27*2 + 38 is divided by 20 + 2 - (-1 - 0/(-2))?
13
Suppose -88*g + 86*g + 10 = 0. Calculate the remainder when 167 is divided by (-1)/8*-716 + g/(-2).
80
Let n(i) = 2*i**2 - 27*i + 29. Let q = -253 + 266. Calculate the remainder when 47 is divided by n(q).
15
Let k = 63002 - 62973. What is the remainder when (2/(-6))/(5/(-2865)) is divided by k?
17
Let t be -2*(-3)/6 - 3. Suppose -3 + 3 = -20*b. Calculate the remainder when 74 is divided by b + t - 34/(-2).
14
Suppose -n + 5*s + 135 = 0, 4*s + 179 + 193 = 3*n. Calculate the remainder when 3837 is divided by n.
117
Let s = -216 - -310. Let j = s - 33. Let c(m) = 21*m**2 + 3*m - 3. What is the remainder when j is divided by c(1)?
19
Let g(c) = c**3 + 5*c**2 + 7*c + 20. Let n be g(-4). Suppose -3*m = -n*m + 1725. Calculate the remainder when m is divided by 58.
55
Suppose 6*l + 3*p - 1580 = 2095, -3*p + 605 = l. Calculate the remainder when l is divided by 191.
41
Suppose 14*z - 4*f + 4992 = 18*z, 0 = 5*f + 20. What is the remainder when z is divided by 33?
31
Let f = -2135 - -3062. Suppose 322*q + 356 - 953 - 2623 = 0. Calculate the remainder when f is divided by q.
7
Suppose -3*l + 275*t + 59 = 277*t, 5*t = -5*l + 100. Suppose 5*o - 12 = 2*z + 53, 0 = -4*o + 2*z + 54. What is the remainder when l is divided by o?
8
Let w(q) = 69*q - 30. Let g be w(2). Let r = g + -98. Calculate the remainder when 207 is divided by r.
7
Let b = 5012 - 4998. What is the remainder when 362 is divided by b?
12
Let m(z) = 10*z + 30 + 13 + z**2 - 19. Let g be m(-7). Suppose g*c + 4*d - 216 = 0, 2*d + d = 4*c - 263. Calculate the remainder when c is divided by 35.
33
Suppose -5*f = 7*f - 24. Let l(y) = -111*y**3 - 9*y + 110*y**3 - 3 - 10*y**f + 10. Calculate the remainder when l(-10) is divided by 14.
13
Let p be ((-270)/(-72))/((-3)/(-4)). Suppose 80 = -p*v + 110. What is the remainder when 19 is divided by v?
1
What is the remainder when 87 is divided by 1566/(-45)*20/(-12)?
29
Let c = 33 + -8. Let g = c + -13. Suppose -4*k + 4*s - 3*s + 132 = 0, 0 = -3*k - 2*s + 99. Calculate the remainder when k is divided by g.
9
Suppose -49*u = -92*u + 45*u - 12. Calculate the remainder when 634 is divided by u.
4
Suppose -12*l - 11*l + 115 = 0. What is the remainder when 51 is divided by (l + -11 - -15)*2?
15
Suppose -2*y - 4*f = 2 + 12, 0 = f + 4. Let l = -133 + 141. What is the remainder when (y - -2) + l + 116 is divided by 43?
41
What is the remainder when ((-2)/(-5))/((-1)/(-551 - -6)) is divided by 22?
20
Suppose -124*r = -102*r - 4664. What is the remainder when r is divided by 33?
14
Let w(h) = -h**3 - 2*h**2 - 23*h - 49. What is the remainder when 33 is divided by w(-3)?
4
Let x(z) = 2*z - 12. Let k be x(9). Let n be (105/(-6))/(3/k). Let o = n + 40. Calculate the remainder when 19 is divided by o.
4
Suppose -2*d = -7*d - 165. What is the remainder when 29 is divided by ((-12)/(-8))/(d/(-176))?
5
Suppose 0 = -106*t + 36541 + 18261. What is the remainder when t is divided by 255?
7
Let p(o) = 11*o**2 - 35*o. Let y be p(7). Suppose -9*m = 5*m - y. What is the remainder when 103 is divided by m?
19
Let g(s) = -s**2 + 14*s - 26. Let p = -586 + 594. What is the remainder when 80 is divided by g(p)?
14
What is the remainder when (133 - (-5)/5)/((-312)/324 - -1) is divided by 53?
14
Let b(k) = -28*k + 304. Let u be 9046/8 - (-2)/8. Calculate the remainder when u/12 - 3/(-4) is divided by b(10).
23
Calculate the remainder when 1543 + (10 - (4 + -17)) is divided by 308.
26
Let q(n) = 12*n - 42 - 35 + 49. What is the remainder when q(8) is divided by (-46 + 8)*(-2)/4?
11
Let c(r) = -4*r + 7. Suppose -2*p + 4*k + 202 = 0, -368 = -4*p + 556*k - 554*k. Calculate the remainder when p is divided by c(-6).
27
Let h(g) = g**3 - 21*g**2 - 12*g - 37. Let m be h(22). Suppose -m = -k - 5*o - 41, 463 = 4*k - o. What is the remainder when k is divided by 17?
15
Let y(v) = -v**3 + 2*v**2 - 2*v - 5. Let x be y(5). What is the remainder when (4 - x/(-40))/(2/64) is divided by 29?
27
Let k = 55